s 5345388 a multiple of 36?
True
Does 380 divide 3511263?
False
Is 2105124142 a multiple of 12353?
True
Is 50101295 a multiple of 87?
False
Does 79 divide 92042268?
True
Is 94 a factor of 563217817?
False
Is 201201308 a multiple of 2212?
True
Does 2 divide 1244398?
True
Is 551 a factor of 1290768?
False
Is 24891069 a multiple of 3?
True
Is 126851944 a multiple of 499?
False
Does 5 divide 2135900969?
False
Is 458 a factor of 17433571?
False
Is 179 a factor of 919853613?
True
Is 33756324 a multiple of 904?
False
Is 946499970 a multiple of 78?
True
Is 17 a factor of 270622219?
False
Is 172 a factor of 63364972?
True
Does 60 divide 672060?
True
Is 12057181 a multiple of 7?
False
Is 229 a factor of 366588440?
False
Does 371 divide 2127030185?
True
Is 830725665 a multiple of 1155?
True
Is 106 a factor of 183901231?
False
Is 91650231 a multiple of 27?
True
Does 3291 divide 1375728054?
False
Is 16 a factor of 2529508528?
True
Is 3040270676 a multiple of 11002?
True
Is 15704820 a multiple of 27?
True
Does 533 divide 88087311?
True
Is 10 a factor of 2516747873?
False
Is 235 a factor of 15957954?
False
Is 26 a factor of 898960842?
True
Is 178 a factor of 23411094?
True
Is 60 a factor of 4420366?
False
Does 84 divide 10729236?
True
Is 945 a factor of 628743427?
False
Is 223 a factor of 978351175?
True
Does 31 divide 48024335?
False
Is 164408178 a multiple of 473?
True
Is 19751608 a multiple of 4?
True
Is 3923857 a multiple of 58?
False
Is 1200660 a multiple of 12?
True
Is 80 a factor of 29272359?
False
Is 649 a factor of 2905730810?
False
Is 32817960 a multiple of 35?
True
Is 7 a factor of 55465747?
False
Is 23 a factor of 294540668?
True
Does 7 divide 9616754?
True
Is 154144584 a multiple of 4747?
True
Is 333 a factor of 908328?
False
Is 19 a factor of 1819485353?
True
Is 1512959565 a multiple of 807?
True
Does 119 divide 72917012?
True
Is 474 a factor of 35008692?
True
Does 12 divide 921118740?
True
Is 124288105 a multiple of 2828?
False
Does 127 divide 1233567898?
False
Is 2 a factor of 6863199?
False
Does 1227 divide 10355690?
False
Is 189574092 a multiple of 12?
True
Is 1492 a factor of 86339056?
True
Is 31 a factor of 1804040071?
True
Is 539319791 a multiple of 367?
False
Does 25 divide 1030822?
False
Is 46998663 a multiple of 2424?
False
Does 3624 divide 1509446736?
True
Is 17313381 a multiple of 89?
False
Is 42 a factor of 4371508?
False
Is 266 a factor of 2345854?
True
Is 23746469 a multiple of 52?
False
Is 42224004 a multiple of 1026?
True
Is 126 a factor of 48897186?
False
Is 35442928 a multiple of 2384?
True
Does 137 divide 12909078?
False
Is 104292758 a multiple of 218?
False
Is 64 a factor of 302327900?
False
Does 135 divide 32481334?
False
Is 47852032 a multiple of 1216?
True
Does 4747 divide 435784094?
True
Is 3 a factor of 94770372?
True
Is 311 a factor of 212505056?
True
Does 17 divide 144007242?
False
Is 9 a factor of 219579366?
False
Is 3576 a factor of 80907000?
True
Is 93 a factor of 6351065?
False
Is 55 a factor of 31290710?
True
Is 37 a factor of 91025402?
True
Is 564 a factor of 98909808?
True
Does 12 divide 9291855?
False
Is 3279861720 a multiple of 7830?
True
Is 215486796 a multiple of 28?
True
Does 3 divide 20264482?
False
Does 1802 divide 1832342076?
True
Does 7 divide 3185104?
False
Is 4577 a factor of 197504551?
False
Is 11406942 a multiple of 102?
False
Is 9 a factor of 111423894?
False
Does 57 divide 14349807?
True
Is 8276 a factor of 687073520?
True
Does 18 divide 194580227?
False
Is 3150935021 a multiple of 2538?
False
Does 42 divide 1154021601?
False
Is 16 a factor of 9709491?
False
Is 24 a factor of 303904479?
False
Does 1491 divide 92626626?
False
Is 20057005 a multiple of 103?
False
Is 20 a factor of 237985318?
False
Is 97 a factor of 518628998?
False
Is 53 a factor of 149453087?
False
Is 149 a factor of 1507029376?
False
Is 4627005185 a multiple of 205?
True
Is 24 a factor of 6290833704?
True
Is 67697230 a multiple of 218?
False
Does 1881 divide 1055414683?
False
Does 72 divide 5378291928?
True
Does 74 divide 184770452?
True
Is 52917171 a multiple of 483?
False
Is 64873803 a multiple of 25?
False
Does 3404 divide 777269752?
False
Does 338 divide 3522306705?
False
Does 501 divide 15408255?
True
Is 773 a factor of 312390171?
True
Is 1193 a factor of 70078013?
True
Does 4810 divide 214434610?
True
Does 10 divide 482979751?
False
Does 220 divide 11144512?
False
Is 8 a factor of 15173088?
True
Is 5097492 a multiple of 7?
False
Is 5 a factor of 526406956?
False
Is 8695 a factor of 102032798?
False
Is 308 a factor of 5858276?
False
Is 588195540 a multiple of 171?
True
Is 2383 a factor of 13241222?
False
Is 1924006203 a multiple of 567?
True
Does 4 divide 84984279?
False
Is 139862074 a multiple of 869?
True
Is 58598666 a multiple of 17?
False
Is 59866382 a multiple of 922?
True
Is 28 a factor of 120254340?
False
Is 1404 a factor of 122282142?
False
Is 1619 a factor of 14889989?
False
Does 11 divide 915183676?
True
Is 105433693 a multiple of 137?
True
Is 1173032868 a multiple of 6099?
True
Is 222 a factor of 3203891?
False
Is 92 a factor of 751146863?
False
Is 32 a factor of 10251200?
True
Is 11 a factor of 39508436?
True
Is 255741783 a multiple of 9?
False
Is 613431952 a multiple of 4?
True
Is 16 a factor of 21322800?
True
Does 1192 divide 1839974776?
True
Is 2142906748 a multiple of 11?
False
Is 409605128 a multiple of 8?
True
Is 5407166 a multiple of 1537?
True
Is 863950010 a multiple of 55?
True
Is 192 a factor of 53663424?
True
Is 2670817028 a multiple of 11594?
True
Is 205 a factor of 3733870?
True
Is 694 a factor of 528892607?
False
Does 204 divide 189237123?
False
Is 92 a factor of 36402333?
False
Does 147 divide 52198411?
False
Is 18893027 a multiple of 626?
False
Does 15 divide 134132703?
False
Is 73913689 even?
False
Is 50 a factor of 63026700?
True
Is 233 a factor of 538293609?
True
Is 37 a factor of 101600150?
True
Is 3453163946 a multiple of 3059?
False
Does 203 divide 57606934?
True
Is 3769217504 a multiple of 44?
False
Is 1552541572 a multiple of 1419?
False
Does 522 divide 288206618?
False
Does 14 divide 170840642?
True
Is 13601 a factor of 4034383024?
True
Is 7120 a factor of 307842456?
False
Is 307 a factor of 183430644?
False
Is 20 a factor of 6666780?
True
Is 26103269 a multiple of 193?
False
Is 3649 a factor of 975180654?
True
Is 3158590 a multiple of 230?
True
Is 610 a factor of 230655507?
False
Is 35 a factor of 222767020?
True
Does 19 divide 5592261?
False
Is 46158720 a multiple of 40?
True
Is 757757 a multiple of 15?
False
Is 21319200 a multiple of 504?
True
Is 30 a factor of 836053410?
True
Does 4171 divide 1667469867?
True
Does 14 divide 181828328?
False
Is 16 a factor of 59423080?
False
Does 14 divide 131086280?
False
Is 12 a factor of 12166416?
True
Does 11 divide 1173198862?
True
Is 90 a factor of 5481270?
True
Does 72 divide 50551022?
False
Is 29794553 a multiple of 2245?
False
Does 3 divide 13899372?
True
Does 13 divide 31124296?
False
Is 33 a factor of 63206467?
False
Is 489 a factor of 319465200?
False
Does 4987 divide 69035041?
True
Is 436475889 a multiple of 19?
False
Does 2076 divide 225291156?
False
Does 148 divide 9992220?
True
Is 266 a factor of 5195512?
True
Is 11764769 a multiple of 4?
False
Does 122 divide 4718456750?
True
Is 344310260 a multiple of 3788?
True
Does 546 divide 34263638?
False
Is 1004887649 a multiple of 22?
False
Does 15 divide 1093626000?
True
Is 132931683 a multiple of 353?
False
Is 49 a factor of 1203143393?
False
Does 7 divide 45582434?
False
Is 29 a factor of 127646622?
False
Does 39 divide 623700207?
True
Does 34 divide 52436302?
False
Is 26563866 a multiple of 42?
True
Is 107336237 a multiple of 10?
False
Does 61 divide 645974277?
False
Is 72 a factor of 13875840?
True
Does 709 divide 42574741?
True
Is 3511 a factor of 345278955?
False
Is 16 a factor of 21259952?
True
Is 78262370 a multiple of 218?
False
Is 254663770 a multiple of 723?
False
Does 335 divide 104326653?
False
Is 23 a factor of 5578476?
False
Is 416241707 a multiple of 6560?
False
Is 290 a factor of 1862580324?
False
Does 165 divide 185797771?
False
Does 46 divide 504625256?
False
Is 480224220 a multiple of 14?
True
Does 875 divide 218602798?
False
Is 126679767 a multiple of 3?
True
Is 232 